luate (9 - 8) + 3 + (4 - 2).
6
What is the value of (8 - -8) + 0 - 12?
4
What is the value of 11 + -1 - (5 + -5 + 4)?
6
What is -2 + -3 - (33 + -41)?
3
0 + -1 - (3 - -1 - 3)
-2
Calculate (-8 + -1 - -1) + 9.
1
Calculate -2 + 3 + 1 + -1 + -2.
-1
What is 15 + -3 + (-17 - -9)?
4
What is the value of -1 - (3 + (4 - 5))?
-3
Calculate (-7 - 0) + 72 + -65 - -3.
3
What is 6 + 10 + -12 - (5 + 0)?
-1
Evaluate 7 + (-5 - 4) - -6.
4
7 + 2 + (-1 - 0) + -3
5
Evaluate (1 - 13) + 2 + 8 + -4.
-6
What is the value of -43 - -40 - (6 - (0 - 2))?
-11
4 - (-1 + 8 + -4)
1
Calculate 15 + -12 - (-2 + 0).
5
Calculate -5 - ((0 - 5) + 2 + 3).
-5
What is -6 - (-7 + -2 + 5)?
-2
Calculate -85 + 80 - (2 - (1 - 2)).
-8
What is the value of -1 + -3 + 2 + 1?
-1
What is 8 - (6 + -1 + -2)?
5
0 + (-2 - (0 + -2)) + 0
0
Calculate 9 - 2 - (-39 + 43).
3
-19 + (7 - -1) - -18
7
What is 11 + (-9 - 6) - (-1 + 0)?
-3
1 + (-4 + 8 - 8)
-3
Calculate (-1 + 20 - 17) + 1 + 4.
7
Evaluate -10 + (8 - 10) + 4.
-8
Evaluate 4 + -5 - (-4 - -3).
0
What is the value of 1 + 0 - (-9 - -11) - 2?
-3
What is the value of -2 + (-2 - (-4 - 0))?
0
Evaluate (3 - -2) + (6 - (2 - -11)).
-2
Calculate 14 + -21 + 10 + (4 - 0).
7
Calculate -5 + -1 - (-6 - -2).
-2
-3 - (-4 + -1) - 2
0
Evaluate 0 + 3 + 0 + 1 + 0.
4
Calculate 0 - (-1 + 1 - 2).
2
Evaluate -1 + -1 - (-2 - 8 - -6).
2
What is the value of 4 + -2 + 0 + -4?
-2
What is 0 + (6 - 14) + 1 + 4?
-3
Calculate (3 - (3 - 0)) + (3 - 5).
-2
Calculate -4 + 3 - (-4 - -1).
2
What is the value of -1 - (-11 - -16) - 2?
-8
(7 - (-1 + 1)) + (220 - 231)
-4
What is 4 + -1 + 3 + -4?
2
Evaluate (3 - 2) + (16 - 3) + -5.
9
Evaluate (7 - (-3 + 15)) + 0 + 9.
4
What is the value of 1 + -2 + (2 - (2 - -2))?
-3
-14 - -16 - (-2 - (1 - 8))
-3
4 + 4 + -3 + 4 - 4
5
What is (-2 - 4) + (14 - 19)?
-11
What is the value of 15 + -14 - (3 + -1)?
-1
What is (1 - 8) + -35 + 41?
-1
Calculate 3 + (-8 - (-9 + 4)).
0
Evaluate -4 - (5 - ((16 - 6) + -1)).
0
Evaluate 2 + 0 - (-7 + (-1 - -10)).
0
What is 3 + 7 + -8 - (0 - -7)?
-5
What is the value of (-4 + (3 - 4) - -1) + 1?
-3
What is the value of (10 - 4) + 0 + 5 + -6?
5
What is 0 + (-2 - (-8 + 6))?
0
Calculate 1 + -4 + 2 + 2 + -5.
-4
6 + 0 - (-56 - -69)
-7
Evaluate -2 - ((-20 - -26) + (-14 - 2)).
8
What is the value of 2 - 3 - (12 + -9)?
-4
What is the value of (-2 - -7) + (4 - 9)?
0
What is the value of -2 + 2 + -6 + 6?
0
What is (-8 + 5 - -11) + -8?
0
Calculate (-4 - 1 - -2) + (9 - 4).
2
Evaluate 0 - (0 + (-4 - -1 - -4)).
-1
What is 3 + 0 + (-9 - -5)?
-1
What is the value of -3 + -8 + 2 + 12?
3
Calculate -1 + -2 - (-8 + 0).
5
(27 - 23) + -1 + 0
3
What is the value of (2 - 12) + (71 - 64)?
-3
What is the value of 9 + (-13 - (0 + -7))?
3
What is the value of 6 + (0 - (2 + 3) - 3)?
-2
What is 8 + -11 + -1 + 6?
2
Calculate (-26 - -42) + -5 + -2.
9
What is the value of 3 - (-2 + 8) - -10?
7
What is -3 + -3 - (-10 - -9)?
-5
Calculate -5 + 1 + (5 - 4).
-3
What is the value of 7 + -2 + -3 + 7 + -4?
5
4 - (17 + -11 + -7)
5
What is (-4 - (0 - 3)) + 4?
3
What is 0 + 2 + -1 - (-20 + 25)?
-4
Evaluate -9 + (3 - 0) + 11.
5
3 + (-5 - -4) - -1
3
What is 2 + (-1 + -2 - 4 - -1)?
-4
Calculate (18 - (3 + 6)) + -14.
-5
(5 - -2 - 18) + 5
-6
Calculate 9 + (-4 - (7 - 7)).
5
Evaluate (-2 + 1 - -3) + 10 + -5.
7
3 - ((11 - 13) + 1 + 0)
4
What is the value of (3 - 4) + 13 - (6 - -1)?
5
Calculate -2 - -1 - (-10 + (-12 - -28)).
-7
-10 - -2 - (-7 - 0)
-1
What is (-5 + 1 - -1) + 2 + 1?
0
-6 + 1 - (9 - (25 + -10))
1
-32 - -26 - (0 - 8)
2
(-10 - -19) + 1 + -6
4
-39 + 41 - (3 - (-1 - -1))
-1
What is 6 - (-1 - (1 - 6))?
2
Calculate 14 + -1 - 7 - (2 - -2).
2
What is the value of 2 + (5 - (11 - 9))?
5
-6 + 4 + 3 - 0
1
Evaluate 1 - (-8 + (7 - -1) + -6).
7
Calculate (0 - -1) + (-11 - -7).
-3
Calculate (1 - (0 - (-2 - -2))) + 2.
3
0 - -7 - (204 - 204)
7
(-2 - -4) + -1 + 0
1
Evaluate -14 + 5 + -4 + 6.
-7
What is the value of -2 + 1 - (5 + -1 + -3)?
-2
What is (0 - 0) + (0 - (2 + -3))?
1
What is the value of -6 + 17 + -7 + (1 - 4)?
1
Calculate (1 - -1) + 1 - 0.
3
What is -2 + (-3 - -1) + 5 - 2?
-1
Evaluate -1 + -2 + 1 - 3.
-5
What is the value of (2 - 2) + (-1 + -1 - -7)?
5
What is 10 + (-1 - (-5 - -1 - -7))?
6
Calculate 0 + -4 - (16 + -21) - -5.
6
What is 1 - (3 - (-3 + 5) - -3)?
-3
Evaluate -12 + 7 - -13 - 8.
0
What is the value of 2 - 2 - (22 + -19)?
-3
What is 0 + 3 + -10 + 2?
-5
What is the value of 0 - (9 + -5) - -9?
5
What is the value of -1 + -4 + 5 + -1 + 2?
1
(-20 - -18) + (-1 - 0)
-3
What is -4 + 2 + 10 + -5?
3
(-2 - 0) + (-2 + -3 - -9)
2
What is the value of -12 + 3 + 12 + -2 + -8?
-7
Calculate 1 + (-9 - (-2 - 3) - -2).
-1
2 + -2 - (-2 - (-6 + 7))
3
What is -5 - (-2 + 0 + (27 - 24))?
-6
What is -11 + 3 + (11 - 7)?
-4
Calculate (-1 - -7) + (5 - (4 - 0)).
7
What is the value of 1 - (-4 + -4 + 1 - -15)?
-7
Evaluate (-10 - (-1 + -2)) + 4.
-3
What is -109 - -110 - (3 + -2 - 6)?
6
What is 5 + -10 + -2 + 2 + 0?
-5
Evaluate -1 - 0 - (-8 + 15 + -3).
-5
Calculate -2 + (-2 - 4) + 14.
6
What is the value of 3 + (2 - 1) + -23 + 24?
5
What is the value of -2 + -1 - ((6 - -3) + -9)?
-3
Evaluate 6 - (6 + 8 + -3) - -4.
-1
Evaluate 0 - 12 - (-27 + 22).
-7
2 + 2 + -2 - (1 + -3)
4
Evaluate 0 + 2 - (-3 + (4 - 3)).
4
2 - (0 + -1 + -2)
5
Evaluate (0 + -2 - 2) + 6.
2
What is the value of -5 + (-19 - -8) + 9?
-7
-2 - 0 - (-4 + -2) - 2
2
Calculate -1 - 0 - 2 - (-1 + 0).
-2
Calculate -8 + 18 + (-10 - -2) - -5.
7
What is 1 + (2 - (4 + (1 - -2)))?
-4
What is the value of 5 + (-22 - -8) + 4?
-5
Calculate 3 - ((5 - 7) + 2 + 4).
-1
Evaluate 21 + -11 - 10 - 4.
-4
What is the value of 0 + (1 - -2) + 2?
5
Evaluate 1 + 3 - (-3 - (-3 + 1)).
5
What is the value of 3 - 2 - (17 + -11)?
-5
Calculate -18 + 21 + (-2 - 3 - -2).
0
What is the value of 4 - (1 + 7 + 6 + -8)?
-2
What is the value of -2 + (11 - 5) + -3?
1
What is -10 - ((8 - 25) + 10)?
-3
What is the value of 7 - (6 - (1 - 3))?
-1
Evaluate -20 - -28 - (6 - (2 - 0)).
4
What is -3 + 1 + (0 - -3)?
1
What is 6 - (-6 - -19 - 0)?
-7
Evaluate -5 - -8 - (3 + -4 + 6).
-2
What is 24 - -2 - (14 + 1)?
11
Calculate -6 - (-6 + 0 - 3).
3
Evaluate 10 - (2 + (5 - (9 - 5))).
7
0 + (10 - 4) - 2
4
What is -3 + -4 + 8 + -3?
-2
What is the value of 4 - (4 + (-3 - (5 - 4)))?
4
What is 0 - 2 - (1 + (-4 - 3))?
4
Evaluate 9 + 3 + -7 + -8.
-3
Calculate 79 + -93 + 3 + 13.
2
What is 8 - 6 - ((6 - 1) + 0)?
-3
Evaluate 5 + -10 + (6 - 5).
-4
0 + 0 - (-2 + -2 + 4)
0
Calculate -17 - (3 - 10) - -1.
-9
Evaluate (-1 - (-2 + 1)) + -6 + 7.
1
Calculate 4 + (-4 - (4 - 8) - 9).
-5
-3 + 1 + -1 + -2
-5
Evaluate 1 - 3 - ((0 - 1) + -1).
0
What is -1 - ((2 - 0) + 0 - 2)?
-1
-3 + 1 + (44 - 43) - 2
-3
What is -6 + -3 + 8 + 5?
4
What is 3 - -1 - (-4 - -3)?
5
What is 7 - 18 - (-1 - 8)?
-2
What is the value of 3 - (-2 + 4 + 5)?
-4
(-3 - (-5 - -4)) + -2
-4
What is 6 + -10 + (-4 - -2) - 0?
-6
What is the value of -3 + (7 - (1 + (0 - -4)))?
-1
What is -1 + (-3 - -5 - 4) + 4?
1
What is the value of 0 + (0 - (-4 + 3))?
1
What is the value of -1 - ((-2 - -1) + 0 + -4)?
4
Evaluate 5 + (-8 - -1) - (-1 - 1).
0
Evaluate 4 + (1 - (7 - 3)) + -1.
0
Calculate -4 - (-2 + (-3 - -3 - 6)).
4
-1 - 3 - -3 - (32 + -26)
-7
What is the value of (2 - (-3 + 7)) + 2 + -6?
-6
Calculate (-119 - -110) + 0 + 16.
7
What is the value of -5 + (6 + -11 - -6)?
-4
Evaluate (6 - (-1 + 10)) + (7 - -1).
5
-4 + (-4 - -10) + -4
-2
Evaluate 2 - (18 - -2) - (62 + -70).
-10
What is the value of -4 + (-1 - (-5 - -2)) - -1?
-1
-43 - -49 - (1 + (0 - 1))
6
Evaluate -8 - -4 - (2 - 1).
-5
Evaluate 3 + -6 - (-6 + 2).
1
Evaluate (1 - 3) + 4 + (-6 - -3).
-1
(-1 - 3) + 13 + -12
-3
Evaluate 0 + -4 + 2 - (-6 + 0).
4
Evaluate -13 + 4 + 5 + -2.
-6
1 + 2 + -3 + -1 + -3
-4
What is -2 - (1 + -2 - 4)?
3
2 - 2 - (0 - 4)
4
Evaluate 8 - (0 + -6) - (1 + 6).
7
What is 5 + (0 - 1) + -3?
1
-2 - (8 - (22 + -6))
6
Evaluate (-1 - 0) + (-5 - -5 - -2).
1
What is -1 + (3 + -6 - -3)?
-1
12 + -13 + -6 + (1 - -4)
-2
What is the value of (0 - 3) + (-38 - -46)?
5
(-12 - -2) + 38 + -31
-3
Evaluate -15 + 8 - (-2 + -1).
-4
What is the value of -15 + (-9 + 4 - -12)?
-8
-3 - ((-3 - 2) + 3)
-1
Calculate 6 - ((7 + -5 - -12) + -5).
-3
(-10 - -13) + 1 + -4
0
Calculate (8 - -1) + (-67 - -62).
4
Calculate 1 + (-4 - -4) + -3 + 2.
0
What is the value of -4 + 3 + 4 - 0?
3
What is 4 + -5 - -1 - -4?
4
What is